974 (base 10) in base 4?
102222011132
What is 131305 (base 11) in base 4?
302131101
What is -481bbb (base 15) in base 9?
-6435435
Convert -18e52 (base 16) to base 2.
-11000111001010010
What is -316562 (base 7) in base 8?
-153601
Convert -325555 (base 8) to base 7.
-634004
What is -11120323122 (base 4) in base 14?
-28ac42
What is -942d4 (base 16) in base 3?
-1010211112222
101111010011001101110 (base 2) to base 15
20938e
Convert 793026 (base 10) to base 15.
109e86
Convert -2015097 (base 10) to base 9.
-3711166
Convert -ca7c (base 14) to base 7.
-204015
What is 463835 (base 9) in base 10?
278429
What is 2102001221 (base 3) in base 12?
23551
11110200101220 (base 3) to base 14
45b93a
Convert -10424451 (base 6) to base 4.
-1030310233
-cb06b (base 13) to base 9
-618364
216247 (base 8) to base 14
1c7b1
14ec1c (base 16) to base 11
8571a3
Convert 643125 (base 8) to base 6.
4333325
454405 (base 10) to base 13
12baa3
-23230323 (base 5) to base 14
-57038
-bfa7 (base 16) to base 15
-e80d
Convert -16131676 (base 8) to base 7.
-43404623
Convert -25344321 (base 6) to base 11.
-512083
Convert 1c471 (base 14) to base 7.
420401
-112531152 (base 6) to base 11
-1201769
Convert -11211221310 (base 4) to base 6.
-51222100
Convert b361d (base 14) to base 3.
210221121102
12441236 (base 8) to base 6
135210022
Convert -934849 (base 11) to base 15.
-1e956c
What is 1130a5 (base 15) in base 4?
3020100320
1a056 (base 16) to base 3
12102012111
What is 11a31c (base 16) in base 7?
12552610
What is 3556307 (base 11) in base 9?
12601764
Convert -1203201250 (base 6) to base 10.
-13592766
What is -111010001010101011 (base 2) in base 7?
-2011416
What is -45eff8 (base 16) in base 11?
-2650652
101121101011 (base 3) to base 8
627600
-102202212002202 (base 3) to base 14
-b8c024
-122202110 (base 4) to base 9
-175078
What is 95183 (base 10) in base 2?
10111001111001111
-333 (base 4) to base 9
-70
Convert -22344224 (base 5) to base 3.
-101011021011
-1101121020002 (base 3) to base 15
-e944e
What is 440ad (base 14) in base 7?
1254306
Convert -705269 (base 10) to base 6.
-23041045
Convert -16e136 (base 16) to base 6.
-52045514
Convert -64704b (base 14) to base 5.
-1332244013
What is -11221220111 (base 3) in base 8?
-276522
110110100010110100000 (base 2) to base 9
3323634
-12333101202 (base 4) to base 2
-110111111010001100010
What is -1120221011002 (base 3) in base 4?
-3032103131
What is 1500012 (base 6) in base 2?
10100111000101000
What is 323200310 (base 4) in base 15?
4c35e
What is 100110111001110010 (base 2) in base 5?
20044341
1110011111001010000000 (base 2) to base 15
500357
What is 5134282 (base 9) in base 5?
1200122324
2004202 (base 8) to base 6
15141202
340521134 (base 6) to base 12
20b01aa
1060650 (base 9) to base 15
b4443
14423241 (base 5) to base 9
255333
Convert 100000101111101111 (base 2) to base 4.
200233233
1599844 (base 10) to base 2
110000110100101100100
1619a9 (base 11) to base 3
110202220110
-1c8568 (base 14) to base 15
-152b7a
What is -2558a (base 11) in base 8?
-107440
6a8c34 (base 14) to base 15
4bc289
12210101201220 (base 3) to base 5
1242002000
Convert -223466 (base 9) to base 3.
-20210112020
Convert -747770 (base 8) to base 4.
-330333320
Convert 200303133 (base 4) to base 3.
20211022120
What is 1101001011110100001100 (base 2) in base 12?
11a81a4
What is 1789570 (base 12) in base 13?
102bb74
Convert 10672b (base 13) to base 12.
167253
What is -150150440 (base 6) in base 2?
-1011110011010011011000
What is -1366256 (base 7) in base 14?
-4b42d
-1010101110011101011 (base 2) to base 10
-351467
Convert 655314 (base 7) to base 9.
184326
29b1b (base 15) to base 6
2512542
Convert ba7cbb (base 14) to base 10.
6321949
Convert -11435624 (base 7) to base 2.
-11111000011100110010
Convert 109860 (base 11) to base 9.
284684
4c53c7 (base 16) to base 11
290723a
What is -376833 (base 10) in base 14?
-9b489
Convert 1322113030 (base 4) to base 3.
221110111211
What is -104021112 (base 5) in base 11?
-290551
-275073 (base 8) to base 13
-350c3
Convert 10202111020200 (base 3) to base 7.
22660011
-100100101010000111110 (base 2) to base 6
-41425102
What is 33162442 (base 7) in base 5?
1212340301
-206930 (base 11) to base 7
-2546425
What is -2012220220 (base 3) in base 13?
-16b63
-542b0b (base 12) to base 3
-2111200101002
What is -795ac (base 14) in base 4?
-1013331110
Convert -22412132 (base 6) to base 13.
-1b037a
Convert -301243 (base 10) to base 12.
-1263b7
What is -64667 (base 16) in base 10?
-411239
Convert 12212222200 (base 3) to base 10.
115902
What is 3331031044 (base 5) in base 7?
115623015
Convert 100001001100001101 (base 2) to base 14.
37789
Convert 1110001111000001001 (base 2) to base 11.
299498
-4105661 (base 8) to base 4
-10020232301
323201313 (base 4) to base 2
111011100001110111
207166 (base 9) to base 6
2351010
678330 (base 10) to base 15
d5ec0
What is c4352 (base 13) in base 3?
122212222112
-1127d (base 14) to base 10
-41663
-255410053 (base 6) to base 4
-103022231301
-1a139 (base 15) to base 11
-58669
What is 1074506 (base 11) in base 12?
767b53
-4834ca (base 16) to base 2
-10010000011010011001010
-10220001131 (base 4) to base 3
-2021121020202
Convert 20346152 (base 7) to base 10.
1709255
Convert b6582 (base 13) to base 14.
87904
Convert -42237 (base 11) to base 9.
-103332
-1a886b (base 14) to base 8
-3466677
What is -6226465 (base 7) in base 4?
-2312101303
What is 49ba693 (base 12) in base 5?
12143223100
What is -2222020201 (base 4) in base 16?
-aa221
What is 18472584 (base 10) in base 2?
1000110011101111010001000
10842a (base 11) to base 4
222002313
What is 9b997 (base 16) in base 10?
637335
Convert -222c4 (base 16) to base 15.
-2b717
Convert 210020201210 (base 3) to base 9.
706653
Convert -12a1101 (base 11) to base 5.
-1033212101
-159593 (base 11) to base 4
-330102132
99a (base 16) to base 3
10101001
a3521 (base 13) to base 11
190210
-2c9bdc (base 16) to base 13
-7b4895
Convert 386248 (base 10) to base 6.
12140104
-154253520 (base 6) to base 8
-14427330
What is -bd7bb (base 15) in base 4?
-2103012011
What is 108802 (base 10) in base 7?
632131
What is -4333 (base 9) in base 13?
-15b4
Convert 90960 (base 10) to base 15.
1be40
What is -151660 (base 12) in base 11?
-222938
-1b5b2 (base 13) to base 5
-3204333
111010110000111001010011 (base 2) to base 15
1544502
What is 102210001111 (base 3) in base 7?
1653661
What is -2ad56c (base 14) in base 3?
-2211000220000
Convert 12134141 (base 6) to base 4.
1132030231
What is 9a42 (base 14) in base 4?
12201122
What is 44413 (base 14) in base 8?
503101
101111000011001011 (base 2) to base 13
69943
What is c23c88 (base 13) in base 14?
859a2d
-1110130111 (base 4) to base 3
-122120110021
-5b66d (base 14) to base 10
-223537
Convert 12411430 (base 7) to base 12.
46545a
What is -1101010000101101111 (base 2) in base 12?
-18b57b
What is a6e814 (base 15) in base 14?
10abda1
11a1450 (base 14) to base 6
501120022
What is -12067022 (base 9) in base 4?
-112132010210
What is -1118614 (base 9) in base 13?
-181840
What is -729a53 (base 11) in base 7?
-12641514
Convert -110111110001110100011 (base 2) to base 12.
-741883
What is -1212300 (base 4) in base 5?
-202301
What is 1615530 (base 7) in base 13?
7a5a1
92681 (base 10) to base 3
11201010122
Convert 3312321311 (base 4) to base 14.
1c47ad
Convert 2098835 (base 12) to base 9.
12548535
-338224 (base 13) to base 8
-4511742
Convert 247c8b (base 15) to base 13.
49265c
Convert 111201201101 (base 3) to base 7.
2203624
Convert -133323140 (base 6) to base 10.
-2686020
What is 3905 (base 10) in base 8?
7501
Convert b25b91 (base 12) to base 13.
768592
-c78d7 (base 14) to base 15
-97c07
What is 5426755 (base 9) in base 4?
23012310122
Convert 118958 (base 10) to base 16.
1d0ae
1011000101110011111 (base 2) to base 10
363423
91177 (base 11) to base 4
200202321
What is -d4da (base 16) in base 4?
-31103122
Convert -185668 (base 13) to base 10.
-611866
What is 59a36 (base 13) in base 12?
7b109
What is -37064 (base 12) in base 14?
-1d16c
Convert 334fba (base 16) to base 8.
14647672
493281 (base 15) to base 3
20121000100011
What is -2210022212211 (base 3) in base 8?
-5517714
36863 (base 9) to base 7
132123
Convert 10100201200 (base 3) to base 5.
4104031
Convert -200121202222 (base 3) to base 13.
-caaa2
Convert -b58aa (base 